 -15*v - 377. Give m(-25).
-2
Let s(c) = c**3 + 14*c**2 - 13*c + 45. Give s(-15).
15
Let w(h) = 2*h**2 + 9*h - 5. Calculate w(-8).
51
Let z(k) = 2*k**3 + 10*k**2 + 14*k + 15. Give z(-6).
-141
Let a(d) = d**3 - 2*d**2 + d - 7. Determine a(0).
-7
Let b(u) = 16*u**2 + 180*u + 47. Give b(-11).
3
Let k(q) = -q**2 + 28*q - 75. Determine k(4).
21
Let d(b) = -b**3 - 4*b**2 - 2*b + 7. Determine d(-4).
15
Let p(f) = f**3 - 23*f**2 + 23*f. Determine p(22).
22
Let s(t) = -t**3 - 15*t**2 - 22*t + 56. What is s(-13)?
4
Let z(f) = 3*f**2 - 73*f - 136. Give z(26).
-6
Let x(c) = c**2 - 8*c + 4. What is x(7)?
-3
Let u(p) = -p**3 + 7*p**2 - 4*p + 2. What is u(7)?
-26
Let p(n) = 14*n**2 - 9*n - 2. Determine p(-1).
21
Let a(i) = i**3 - 7*i**2 - 8*i - 5. Calculate a(8).
-5
Let r(g) = 4*g - 9. Calculate r(-14).
-65
Let v(z) = 6*z**2 - 2*z + 8. Calculate v(4).
96
Let h(q) = q**3 + 2*q + 4. What is h(0)?
4
Let j(r) = r**2 - 16*r + 31. Determine j(13).
-8
Let y(i) = -i**3 + 12*i**2 + 6*i - 18. Determine y(13).
-109
Let v(l) = -l**3 + 5*l**2 + 3*l - 3. Determine v(-3).
60
Let m(t) = -t**3 + 6*t**2 - 15*t + 48. Calculate m(5).
-2
Let g(o) = -2*o - 16. Give g(-14).
12
Let u(s) = -2*s + 2. What is u(2)?
-2
Let m(g) = g - 6. Calculate m(-7).
-13
Let y(w) = w**3 + 9*w**2 + 8*w + 4. Calculate y(-8).
4
Let a(o) = -o**2 + 10*o - 20. Give a(8).
-4
Let g(m) = 27*m + 297. Determine g(-8).
81
Let s(y) = 3*y - 5. Calculate s(3).
4
Let t(u) = 35*u + 70. Calculate t(5).
245
Let z(h) = h**3 - 15*h**2 - 15*h - 21. What is z(16)?
-5
Let i(y) = -3*y - 16. What is i(-7)?
5
Let k(o) = -o**2 + 17*o + 135. What is k(-6)?
-3
Let t(v) = 5*v + 39. Give t(-12).
-21
Let p(w) = w**3 + 6*w**2 - 5*w - 9. What is p(-7)?
-23
Let s(m) = -4*m + 24. Calculate s(6).
0
Let x(w) = 9*w + 5. Give x(-7).
-58
Let q(a) = 9*a - 109. Give q(11).
-10
Let v(r) = -10*r**2 - 2*r - 5. Give v(-3).
-89
Let c(p) = -8*p + 111. Determine c(13).
7
Let z(m) = m**3 + 4*m**2 - 4*m - 2. Give z(2).
14
Let i(x) = 3*x**3 - x**2 + 5*x + 3. Calculate i(-2).
-35
Let p(c) = -12*c**2 - 4*c + 5. Give p(1).
-11
Let l(b) = b + 16. Calculate l(-13).
3
Let m(y) = -y**2 + 8*y - 12. Determine m(7).
-5
Let h(n) = n - 1. What is h(4)?
3
Let q(z) = z**3 + 6*z**2 - 111*z - 9. Give q(8).
-1
Let s(c) = -c + 25. Calculate s(10).
15
Let i(f) = -f**3 + 11*f**2 - 13*f + 35. What is i(10)?
5
Let g(j) = 2*j + 4. Calculate g(-3).
-2
Let k(h) = -h**2 + 20*h - 12. Determine k(21).
-33
Let a(t) = -2*t + 36. Calculate a(18).
0
Let i(b) = -2*b**2 + 10*b + 7. What is i(8)?
-41
Let t(n) = n**3 - 4*n**2 - 57*n - 56. Calculate t(-5).
4
Let y(k) = -k**2 - k + 2. What is y(3)?
-10
Let z(s) = -3*s**2 - 19*s - 22. Calculate z(-4).
6
Let o(a) = 27*a - 62. Give o(5).
73
Let j(l) = -2*l**2 - 15*l - 7. Determine j(-7).
0
Let r(l) = -l**3 - 15*l**2 + 77*l + 13. Determine r(-19).
-6
Let j(f) = -f + 3. Give j(-6).
9
Let w(f) = f**3 - 16*f**2 - 35*f - 15. Calculate w(18).
3
Let j(n) = n**3 + 10*n**2 - 26*n + 39. Calculate j(-12).
63
Let o(x) = -x + 8. What is o(5)?
3
Let n(p) = -3*p**3 + 3*p**2 - p. Give n(1).
-1
Let y(p) = 8*p**3 + p**2 - 1. What is y(1)?
8
Let s(z) = 3*z**2 + 45*z + 3. What is s(-15)?
3
Let n(m) = m**3 - 10*m**2 + 9*m - 7. Calculate n(9).
-7
Let i(v) = 2*v + 3. Determine i(1).
5
Let d(l) = l**2 - 18*l - 272. Determine d(-10).
8
Let a(m) = 5*m**3 - m**2 - 7*m - 2. Calculate a(-3).
-125
Let j(k) = -4*k + 20. Calculate j(8).
-12
Let z(h) = -h**3 - 3*h**2 + 10*h + 5. Calculate z(-5).
5
Let z(i) = i**2 - 9*i - 6. Determine z(10).
4
Let j(x) = x**3 - 10*x**2 - 13*x + 13. Give j(11).
-9
Let m(y) = 2*y - 6. Determine m(-3).
-12
Let c(h) = h - 49. Determine c(39).
-10
Let x(b) = -b**3 + 54*b**2 + 4*b - 217. Give x(54).
-1
Let q(u) = 2*u**2 - u - 60. Calculate q(0).
-60
Let h(p) = 19*p + 203. Calculate h(-10).
13
Let t(o) = o**2 - 21*o + 95. Give t(6).
5
Let q(m) = 4*m**3 + 6*m - 18. Calculate q(2).
26
Let q(i) = -12*i + 212. Calculate q(18).
-4
Let w(l) = -l + 9. What is w(-5)?
14
Let i(j) = -j**3 + 10*j**2 + 11*j - 2. Determine i(11).
-2
Let c(f) = f**3 + 20*f**2 - 44*f + 4. What is c(-22)?
4
Let p(x) = -x + 8. What is p(10)?
-2
Let x(w) = w**3 + 7*w**2 - 17*w - 48. What is x(-9)?
-57
Let n(i) = -2*i**2 - 4*i - 4. Give n(-2).
-4
Let k(f) = -f**2 - f - 5. Determine k(-5).
-25
Let x(s) = s**2 - 2*s - 9. Give x(-4).
15
Let t(u) = -u**3 - 31*u**2 + 64*u - 71. Calculate t(-33).
-5
Let c(g) = g**3 - 5*g**2 - 7*g + 8. Calculate c(7).
57
Let z(k) = k**3 + 7*k**2 + 8*k + 4. What is z(-6)?
-8
Let v(g) = -g**3 + 3*g**2 - 2*g - 2. Calculate v(3).
-8
Let h(r) = 29*r + 310. Determine h(-11).
-9
Let r(m) = m**3 + m**2 + 3*m - 3. What is r(2)?
15
Let x(j) = j**2 - 12*j + 3. Calculate x(12).
3
Let x(h) = -h - 7. Calculate x(-12).
5
Let p(o) = -2*o**2 + 11*o + 7. What is p(5)?
12
Let v(w) = w**2 - 8. Give v(-4).
8
Let g(b) = 17*b + 1. Give g(-3).
-50
Let q(i) = -2*i**2 + i + 2. Calculate q(5).
-43
Let z(g) = -2*g**2 - 31*g + 6. Calculate z(-15).
21
Let s(a) = a**3 - 23*a**2 + 6*a - 134. What is s(23)?
4
Let g(o) = o**3 + 6*o**2 + 2*o - 5. What is g(-6)?
-17
Let h(z) = z**2 - 18*z + 23. Calculate h(6).
-49
Let z(g) = -g**2 + 17*g + 176. Calculate z(24).
8
Let h(u) = -17*u**3 + 2*u**2 + u. Calculate h(-1).
18
Let t(s) = s**3 + 11*s**2 + 5*s - 14. Calculate t(-10).
36
Let a(d) = d**3 + 2*d**2 - 5*d - 7. Calculate a(-3).
-1
Let u(a) = a**3 - a**2 + 5*a - 3. What is u(1)?
2
Let p(z) = -z**3 - 8*z**2 - 4*z + 5. Determine p(-6).
-43
Let w(h) = -15*h - 3. Give w(-1).
12
Let b(y) = 15*y - 1. Determine b(1).
14
Let x(a) = -5*a + 99. Give x(19).
4
Let s(j) = 7*j - 60. Calculate s(8).
-4
Let l(j) = j**3 + 9*j**2 - 9*j - 6. Calculate l(-10).
-16
Let z(y) = y**3 - 13*y**2 - 14*y + 8. Give z(14).
8
Let a(d) = -d**2 - 20*d - 7. Determine a(-16).
57
Let j(t) = t**3 + 5*t**2 - 1. Calculate j(-5).
-1
Let q(z) = -z**2 + 17*z - 9. Give q(8).
63
Let k(x) = x**3 - x**2 - 8*x + 11. Determine k(4).
27
Let a(k) = 43*k + 155. What is a(-4)?
-17
Let n(g) = 18*g + 11. Give n(-2).
-25
Let t(b) = b**2 + b + 6. Give t(0).
6
Let r(k) = k**2 + 9*k + 3. Give r(-6).
-15
Let c(f) = f**3 - 20*f**2 + 26*f + 12. Determine c(19).
145
Let t(w) = -5*w + 9. What is t(2)?
-1
Let f(s) = -s**2 - 9*s - 38. Determine f(-3).
-20
Let h(s) = s**3 + 11*s**2 - 23*s - 255. What is h(-11)?
-2
Let z(x) = x - 2. Give z(-10).
-12
Let d(l) = -l**3 - l**2 - 34*l - 119. Give d(-3).
1
Let r(o) = -2*o**2 + 19*o + 21. Determine r(11).
-12
Let i(n) = -5*n - 9. What is i(6)?
-39
Let w(z) = -2*z**3 - 11*z**2 + 7*z + 2. Determine w(-6).
-4
Let u(x) = 7*x + 73. Calculate u(-10).
3
Let k(n) = -n**3 + 19*n**2 - 13*n - 33. What is k(18)?
57
Let a(u) = -u**3 + 13*u**2 - 3*u + 34. Determine a(13).
-5
Let g(q) = -16*q**2 - 2*q + 7. Give g(3).
-143
Let a(c) = -c**2 - 8*c - 6. What is a(-8)?
-6
Let b(a) = -30*a**2 - a. Give b(-2).
-118
Let w(v) = -v**3 + v**2 - v + 22. Give w(0).
22
Let x(m) = -m**3 - 37*m**2 + 35*m - 81. Determine x(-38).
33
Let h(l) = -l**2 + 13*l - 26. Determine h(7).
16
Let w(j) = -2*j - 3. What is w(-1)?
-1
Let i(m) = 5*m + 60. Give i(-13).
-5
Let s(y) = -y**3 + 6*y**2 - 9*y + 11. Give s(6).
-43
Let u(z) = 32*z - 61. Calculate u(4).
67
Let d(j) = j**3 + 3*j**2 - 5*j + 1. Determine d(-5).
-24
Let b(y) = -y**2 - 10*y - 12. Give b(-10).
-12
Let v(q) = q**3 + 14*q**2 + 13. Determine v(-14).
13
Let j(w) = -w**3 - 9*w**2 + 8*w - 7. What is j(-10)?
13
Let y(x) = 128*x + 1284. Determine y(-10).
4
Let w(z) = -z**2 + 24*z - 20. Determine w(22).
24
Let d(r) = -2*r**2 + 22*r + 4. Calculate d(11).
4
Let x(o) = -o - 10. Calculate x(8).
-18
Let x(j) = -j**2 + 5*j + 6. Determine x(6).
0
Let p(w) = 31*w - 246. Calculate p(7).
-29
Let t(a) = -29*a - 191. What is t(-7)?
12
Let a(k) = k**2 + 9*k - 7. What is a(3)?
29
Let x(p) = -p**3 + 8*p**2 - 17*p + 6. Calculate x(6).
-24
Let i(j) = 12*j + 53. Determine i(-5).
-7
Let z(f) = -6*f - 260. Calculate z(-44).
4
Let n(s) = 17*s**2 + 2*s - 3. Give n(1).
16
Let z(n) = 22*n - 4. Determine z(5).
106
Let r(a) = 14*a**2 + 2*a + 1. Calculate r(1).
17
Let t(z) = 2*z - 6. Calculate t(5).
4
Let j(a) = -a**3 + 9*a - 9. Determine j(-3).
-9
Let r(z) = z**3 + 11*z**2 + 14*z - 30. Give r(-9).
6
Let b(g) = 41*g - 620. Calculate b(15).
-5
Let r(d) = -d**2 - 6*d - 4. Determine r(-7).
-11
Let n(r) = -r**3 - 7*r**2 - 12*r - 39. 